 -u**2 + u + u + 5 + s*u**3 - n*u**3 - 4. Calculate y(-2).
17
Suppose 0 = 5*q - 4*c - 1, -2*c - c - 27 = 5*q. Let y(o) = -3*o - 1 + 3*o - 5*o. Give y(q).
14
Let w(p) = p**3 + 7*p**2 - 3*p + 10. Let n(o) = -7*o**2 + 15*o**2 - 10*o + 12*o**2 + 30 - 2*o**3 + 5*o**3. Let k(b) = -2*n(b) + 7*w(b). What is k(-9)?
19
Suppose -6 = -4*i + 2*p, 3*i + 6 = 4*p + 18. Let a = 5 + i. Let h(l) = -l**3 + 6*l**2 - 5*l - 6. Give h(a).
-6
Suppose 5*x = -80 + 110. Let v(o) = 2*o + 2. Calculate v(x).
14
Let h(t) be the second derivative of -2*t**3 + 4*t**2 + 16*t. Determine h(2).
-16
Let o(x) be the first derivative of x**3/3 - 7*x**2/2 - 9*x - 91. Determine o(7).
-9
Let z(f) = f**3 - 3*f**2 + 3*f - 3. Let b be (-4)/(32/24)*(-8 - 1). Suppose 28*j - b*j = 3. Calculate z(j).
6
Let l(a) be the second derivative of -a**4/12 - 3*a**3/2 - 5*a**2/2 - 5*a. Determine l(-8).
3
Let r(p) = 295*p + 4 + 294*p + 2 - 5 - 594*p. Suppose 3*x - 4 - 2 = 0. Suppose 2*d = -0*d - x. What is r(d)?
6
Let q(r) = 2*r**2 + 13*r. Let f(b) be the first derivative of -b**3/3 - 7*b**2/2 - 20. Let a(c) = -5*f(c) - 2*q(c). Calculate a(-8).
-8
Suppose -t = 5*j + t + 13, -3*j - 6 = 3*t. Let b(o) = 3 + 6307*o**2 - 3153*o**2 - 3156*o**2 - o. Determine b(j).
-12
Let q be (4/5)/((-2)/15). Let h(a) = -3*a + 5*a + 0*a + 9. What is h(q)?
-3
Let n = 53 + -49. Let z(q) = 4*q - 20. Give z(n).
-4
Let j(p) = -p**3 - 15*p**2 - 16*p - 26. Let n be j(-14). Let u(v) = -3*v**2 + 3*v - 2. Give u(n).
-8
Let p(c) = 2*c + 188 + 4*c - 187. Give p(-2).
-11
Let p(r) = -r**2 + 13*r - 2. Let s = 45 + -32. Calculate p(s).
-2
Let m(r) = 3*r + 5. Let u be m(-5). Let o be 2/(-6)*(u + 1). Let p(h) = -1 - h**3 - 1 + 2*h + 0 + 5*h**2 - 5*h. Calculate p(o).
7
Let w(b) = -b**2 - 2*b + 5. Let o(k) = -2*k**2 - 3*k + 11. Let r(y) = -2*o(y) + 5*w(y). Calculate r(4).
-29
Let o(u) = 2*u**2 + u. Let n(i) = -i + 11. Suppose 5*r - 18 = -5*t - 3, 9 = -r - 4*t. Let f be n(r). Suppose f*z - 5*z = -3*y - 2, -y + 2*z - 9 = 0. Give o(y).
3
Let c be (((-75)/12)/(-1) + -4)*8. Let h(g) = -36 + 14 + c - g - 4*g**2 - g**3. Calculate h(-4).
0
Suppose -2*n = -7*n. Let x be -3 - (-2 - 1 - n). Let f be -2 + x + 1/1. Let o(s) = -3*s**3 + s**2 + s + 1. What is o(f)?
4
Let x(p) be the third derivative of 0 - 7/12*p**4 - 1/6*p**3 + 14*p**2 + 0*p. Give x(1).
-15
Let k(a) = -a + 8. Let x(m) be the third derivative of -m**4/12 - 2*m**3/3 + 15*m**2. Let p be x(-5). Calculate k(p).
2
Suppose 3*w - w = 4. Let m(o) = 3*o**w - 2 + 6*o**3 - 5*o**3 - 1. Determine m(-3).
-3
Let y(u) be the first derivative of -3*u**4 + u**2 + u - 1. Let j be 6/9 + (-52)/(-12). Suppose 3*h + 11 = 4*s, 4*h - 2*s = -j - 3. Calculate y(h).
11
Suppose -11*o = -19*o + 16. Let a(z) be the first derivative of z + 1/2*z**o + 7. Give a(-3).
-2
Let w(a) be the second derivative of 1/3*a**3 + a**2 + 0 - 1/20*a**5 - 1/6*a**4 + 9*a. Give w(-3).
5
Let d(g) = -2*g**3 - 5*g**2 - 3*g - 4. Let b(x) = x**3 - 5*x**2 - 6*x + 27. Let m be b(5). What is d(m)?
14
Let a(k) be the third derivative of k**6/120 + 19*k**5/60 + k**4/24 + 11*k**3/3 - 1104*k**2. Determine a(-19).
3
Let z(r) be the second derivative of r**3/6 - 3*r**2/2 - 106*r. Calculate z(6).
3
Suppose 574*n = 594*n - 80. Let l(w) be the first derivative of -1/2*w**2 - n - 3*w. Calculate l(0).
-3
Let m(b) = -b - 6. Suppose -4 = -4*c + 8. Suppose -5*s - 90 = -5*l, 5*s + 13 + 39 = c*l. Let t = 19 - l. Give m(t).
-6
Let w(v) = -2*v**2 + 39*v - 75. Let g(k) = k**2 - 19*k + 36. Let i(q) = 5*g(q) + 2*w(q). Determine i(15).
0
Let z(h) = -h**3 + 18*h**2 + h - 16. Let x be z(18). Let y(f) = 0*f + x + 5*f - f. Give y(-2).
-6
Let d(m) be the third derivative of -9*m**2 + 0*m + 0*m**3 + 1/4*m**4 + 0. Calculate d(-1).
-6
Let f(l) = -l**2 - 7*l + 10. Let z be f(-8). Let y(v) = -4*v - 10 - 1 + v + z*v. Determine y(0).
-11
Let w = -12 + 23. Let f(i) = 2*i + 354*i**2 - 365*i**2 + i**3 - 6 - i. Let o be f(w). Let g(d) = -d**2 + 4*d + 4. What is g(o)?
-1
Let d(r) = 4*r + 3*r + 4*r**2 - 3*r**2 + 13 - 15. Suppose 1 = -o + c, 6*o - 2*o + c + 24 = 0. Give d(o).
-12
Let m = 13 + -9. Let o(v) = -v**3 + 4*v**2 + 9*v - 1. Let j(r) = -r + 1. Let h(l) = 6*j(l) + o(l). Determine h(m).
17
Let k(m) = -m**2 + 7*m - 3. Let t be (1 - 5)/(38/(-57)). What is k(t)?
3
Let n(v) = -v**3 + 2*v**2 + 194*v + 10. Let o be n(15). Let x(s) = -s**3 - 3*s**2 + 4*s - 3. Give x(o).
27
Let c(v) = v**3 + 8*v**2 - v + 11. Let r = -1007 + 999. Give c(r).
19
Let z(i) = -i**2 + 2*i + 1. Suppose -5*a = -4*f - 1 - 11, f = -3. Let q = a + 0. Suppose 3*h + 6 - 3 = q. Calculate z(h).
-2
Let u = -258 - -254. Let f(a) = 2*a**2 + 2*a - 5. Calculate f(u).
19
Let c(s) be the third derivative of -2/3*s**3 - 1/120*s**6 - 1/4*s**4 + 2*s**2 + 0 - 7/60*s**5 + 0*s. Suppose -2*y = b + 14, 2*y - b - 8 = -18. Give c(y).
-4
Let j = 26 - 41. Let x = 18 + j. Let f(s) = 1 + 14*s**2 - x*s + 11*s**2 - 23*s**2. Calculate f(2).
3
Let g(d) be the second derivative of -d**3/6 + d**2 + 2*d + 23. Determine g(10).
-8
Let q(d) = -2 + 9*d**3 - 3*d**2 - d**2 - 8*d**3 + 4*d. Let a = -32 - -46. Suppose 3*z = z - 4*x - 4, -5*x = -2*z + a. Calculate q(z).
-2
Let g(x) be the first derivative of x**3/3 - 2*x**2 + x + 298. What is g(3)?
-2
Let g(j) = -j**3 + 7*j**2 - 4*j - 21. Let b(f) = 4*f**3 - 28*f**2 + 20*f + 85. Let t(o) = 3*b(o) + 13*g(o). Calculate t(8).
-18
Let a(g) be the first derivative of -g**2/2 + 16*g + 65. What is a(18)?
-2
Let w(u) be the first derivative of -42 - u + 5*u + 2*u**2 - u - 8*u. Calculate w(4).
11
Let d(q) = q**2 - q - 9. Let m be 0*(8 - (-132)/(-16)). Calculate d(m).
-9
Let f(d) = -3*d + 6. Let p = -142 + 149. Calculate f(p).
-15
Let q(n) = 3*n - 8. Let r be (6 + 47/(-7))*-7. Calculate q(r).
7
Let b(x) = x**3 - 17*x**2 - 18*x - 6. Let i be b(18). Let m(z) = -z**3 - 6*z**2 + 2*z + 3. Calculate m(i).
-9
Suppose 0 = -2*y - 0 + 6. Let o = 67 - 65. Let b(i) = 2 - 3*i**o + 3*i + 0 + 4*i**2 - y. Determine b(2).
9
Let h(t) be the second derivative of -t**3/2 + 3*t**2/2 + 45*t. Let j(c) = -c**3 + 10*c**2 - 7*c - 13. Let d be j(9). Give h(d).
-12
Let c(s) be the first derivative of -s**3/3 + 2*s**2 - 6*s - 1. Let f(o) = -2*o**2 + 8*o - 1. Let q be f(3). Determine c(q).
-11
Let h = -35 + 70. Suppose -9*g + 4*g = h. Let y(k) = -k - 7. Give y(g).
0
Suppose 3*k = -5*o + 10 - 67, -k - 20 = 2*o. Let p(x) = x + 16. Let y be p(k). Let f(z) = -z**2 - 1. Determine f(y).
-5
Let i(r) be the second derivative of -r**5/20 - r**4/6 + r**3/6 + 3*r**2/2 - r. Let a = 337 + -340. What is i(a)?
9
Let d be (8 - 5) + -2 + (1 - 1). Let s be 6/6 + (-1 - 0 - d). Let g(j) = j**3 + j**2 - j - 1. What is g(s)?
0
Let t(f) = 12*f**3 + f**2 + 2. Let r(a) = -5*a**3 - a**2. Let i(u) = -5*r(u) - 2*t(u). Determine i(-4).
-20
Let f(w) = 8 + 5 - 11*w**2 + 2 + w**3 + 7*w - 4. What is f(10)?
-19
Let n = 428 - 435. Let a(p) = p + 12. Let d(f) = -f - 25. Let o(k) = 5*a(k) + 2*d(k). Give o(n).
-11
Let s(p) = 14*p**3 - p**2 + 1. Let a = 4 + -1. Let j = -59 - -62. Suppose 3*h - 4*h + 5 = -j*n, 4*n = 5*h - a. Determine s(h).
-14
Let k(r) = -7*r**2 + 3*r + 12. Let z(p) = 4*p**2 - p - 5. Let g(n) = 3*k(n) + 5*z(n). Give g(5).
6
Let i(j) = 2*j**3 + 4*j**2 + 2. Let x(k) = k**3 + 3*k**2 + 1. Let t be (-27)/45 - (-7)/(-5). Let m(f) = t*i(f) + 3*x(f). Suppose -v + 0*v = 0. Determine m(v).
-1
Let b(h) = h**2 + 14. Suppose 15*d = -8 + 8. What is b(d)?
14
Let g(w) = -2*w - 2. Let f(t) = 12*t - 5. Let a(v) = -2*f(v) - 10*g(v). Give a(10).
-10
Let x(b) be the third derivative of 0 + 1/24*b**4 + 0*b + 1/120*b**6 + 13*b**2 + 0*b**5 + 11/6*b**3. Calculate x(0).
11
Let i = 25 - 11. Suppose 2*o + 2 = i. Suppose 26 = -3*m - 2*y + o*y, -32 = 4*m - 4*y. Let z(t) = -2*t - 3. Calculate z(m).
9
Let n = 13 + -8. Suppose c = -5*m + 5, -m - 2*m + 26 = -4*c. Let y(a) = -16*a**2 + 6 - 2*a + a**3 + 11*a**m - 1. Calculate y(n).
-5
Let u(g) = 6*g**2 + 4*g + 2. Let s(k) = -k**2. Suppose 4*w + 19 = 15. Let o(v) = w*u(v) - 5*s(v). What is o(-3)?
1
Let l(q) = -9*q - 48. Let d be l(-6). Let v(j) = -j**2 - 6*j + 2. Let s(m) = -5*m**2 - 24*m + 9. Let w(g) = -2*s(g) + 9*v(g). What is w(d)?
0
Let v(a) = -a**3 - 1305 - 3*a + 1309 - a**2 + 0*a**2 + 3*a**2 + a. What is v(2)?
0
Let j(g) be the third derivative of g**5/60 + 3*g**4/8 + g**3/2 + g**2. Let t(p) = p - 4. Let y be t(5). Let n = y - 9. Give j(n).
-5
Let m